{"id":5,"date":"2022-03-28T17:29:03","date_gmt":"2022-03-28T15:29:03","guid":{"rendered":"http:\/\/psychologueorvault.fr\/?page_id=5"},"modified":"2022-04-28T15:46:12","modified_gmt":"2022-04-28T13:46:12","slug":"creez-votre-site-avec-des-blocs","status":"publish","type":"page","link":"https:\/\/psychologueorvault.fr\/?page_id=5","title":{"rendered":"Qui suis-je?"},"content":{"rendered":"\n<div class=\"wp-block-columns is-layout-flex wp-container-core-columns-is-layout-9d6595d7 wp-block-columns-is-layout-flex\">\n<div class=\"wp-block-column is-layout-flow wp-block-column-is-layout-flow\" style=\"flex-basis:50%\">\n<div class=\"wp-block-columns is-layout-flex wp-container-core-columns-is-layout-9d6595d7 wp-block-columns-is-layout-flex\">\n<div class=\"wp-block-column is-layout-flow wp-block-column-is-layout-flow\" style=\"flex-basis:100%\">\n<div class=\"wp-block-columns is-layout-flex wp-container-core-columns-is-layout-9d6595d7 wp-block-columns-is-layout-flex\">\n<div class=\"wp-block-column is-layout-flow wp-block-column-is-layout-flow\" style=\"flex-basis:100%\">\n<figure class=\"wp-block-image size-large is-style-rounded\"><img loading=\"lazy\" decoding=\"async\" width=\"748\" height=\"1024\" src=\"https:\/\/psychologueorvault.fr\/wp-content\/uploads\/2022\/03\/Photo-interview-1-748x1024.jpg\" alt=\"\" class=\"wp-image-90\" srcset=\"https:\/\/psychologueorvault.fr\/wp-content\/uploads\/2022\/03\/Photo-interview-1-748x1024.jpg 748w, https:\/\/psychologueorvault.fr\/wp-content\/uploads\/2022\/03\/Photo-interview-1-219x300.jpg 219w, https:\/\/psychologueorvault.fr\/wp-content\/uploads\/2022\/03\/Photo-interview-1-768x1051.jpg 768w, https:\/\/psychologueorvault.fr\/wp-content\/uploads\/2022\/03\/Photo-interview-1-1122x1536.jpg 1122w, https:\/\/psychologueorvault.fr\/wp-content\/uploads\/2022\/03\/Photo-interview-1.jpg 1472w\" sizes=\"auto, (max-width: 748px) 100vw, 748px\" \/><\/figure>\n<\/div>\n<\/div>\n<\/div>\n<\/div>\n<\/div>\n\n\n\n<div class=\"wp-block-column is-layout-flow wp-block-column-is-layout-flow\" style=\"flex-basis:50%\">\n<p><\/p>\n\n\n\n<p><\/p>\n\n\n\n<p><\/p>\n\n\n\n<p>J&#8217;ai suivi mon parcours universitaire au sein de l&#8217;Universit\u00e9 de Nantes durant 5 ans. Je me suis orient\u00e9e dans les deux derni\u00e8res ann\u00e9es d&#8217;\u00e9tude vers un <strong>Master en psychologie de l&#8217;enfant et de l&#8217;adolescent<\/strong>, en me tournant vers les \u00e9valuations cognitives et neuropsychologiques. <\/p>\n\n\n\n<p>Apr\u00e8s avoir obtenu mon dipl\u00f4me, j&#8217;ai pu exercer plusieurs ann\u00e9es en <strong>mission de lutte contre le d\u00e9crochage scolaire<\/strong> aupr\u00e8s d&#8217;adolescents et de leurs <\/p>\n<\/div>\n<\/div>\n\n\n\n<div class=\"wp-block-columns are-vertically-aligned-center is-style-twentytwentyone-columns-overlap is-layout-flex wp-container-core-columns-is-layout-9d6595d7 wp-block-columns-is-layout-flex\">\n<div class=\"wp-block-column is-vertically-aligned-center is-layout-flow wp-block-column-is-layout-flow\"><\/div>\n\n\n\n<div class=\"wp-block-column is-layout-flow wp-block-column-is-layout-flow\"><\/div>\n<\/div>\n\n\n\n<div class=\"wp-block-columns is-layout-flex wp-container-core-columns-is-layout-9d6595d7 wp-block-columns-is-layout-flex\">\n<div class=\"wp-block-column is-layout-flow wp-block-column-is-layout-flow\">\n<p>J&#8217;ai ensuite d\u00e9cid\u00e9 de suivre une formation chaque ann\u00e9e en th\u00e9rapie pour pouvoir mieux r\u00e9pondre aux diff\u00e9rentes demandes.<\/p>\n\n\n\n<p class=\"has-text-align-right\">Je me suis d&#8217;abord tourn\u00e9e vers l&#8217;hypnose et puis sur deux ann\u00e9es d&#8217;\u00e9tudes en th\u00e9rapies br\u00e8ves. <\/p>\n\n\n\n<p>J&#8217;ai poursuivi par des approfondissements ensuite afin de me perfectionner sur certaines techniques.<\/p>\n\n\n\n<p class=\"has-text-align-right\">Vous trouverez au-dessous, un aper\u00e7u des formations auxquelles j&#8217;ai pu assister<\/p>\n<\/div>\n\n\n\n<div class=\"wp-block-column is-layout-flow wp-block-column-is-layout-flow\">\n<figure class=\"wp-block-image size-large\"><img loading=\"lazy\" decoding=\"async\" width=\"1024\" height=\"769\" src=\"https:\/\/psychologueorvault.fr\/wp-content\/uploads\/2022\/03\/fountain-pen-g99bfbb34e_1920-1024x769.jpg\" alt=\"\" class=\"wp-image-66\" srcset=\"https:\/\/psychologueorvault.fr\/wp-content\/uploads\/2022\/03\/fountain-pen-g99bfbb34e_1920-1024x769.jpg 1024w, https:\/\/psychologueorvault.fr\/wp-content\/uploads\/2022\/03\/fountain-pen-g99bfbb34e_1920-300x225.jpg 300w, https:\/\/psychologueorvault.fr\/wp-content\/uploads\/2022\/03\/fountain-pen-g99bfbb34e_1920-768x576.jpg 768w, https:\/\/psychologueorvault.fr\/wp-content\/uploads\/2022\/03\/fountain-pen-g99bfbb34e_1920-1536x1153.jpg 1536w, https:\/\/psychologueorvault.fr\/wp-content\/uploads\/2022\/03\/fountain-pen-g99bfbb34e_1920.jpg 1920w\" sizes=\"auto, (max-width: 1024px) 100vw, 1024px\" \/><\/figure>\n<\/div>\n<\/div>\n\n\n\n<div class=\"wp-block-columns alignwide are-vertically-aligned-top is-layout-flex wp-container-core-columns-is-layout-9d6595d7 wp-block-columns-is-layout-flex\">\n<div class=\"wp-block-column is-vertically-aligned-top is-layout-flow wp-block-column-is-layout-flow\">\n<h3 class=\"has-vivid-cyan-blue-color has-text-color wp-block-heading\">Formation continue<\/h3>\n\n\n\n<p><strong>Th\u00e9rapie narrative<\/strong> <em>Mimethys<\/em> <\/p>\n\n\n\n<p><strong>Hypnose et th\u00e9rapies br\u00e8ves<\/strong> <em>AREPTA<\/em><\/p>\n\n\n\n<p><strong>Hypnose et outils cr\u00e9atifs pour accompagner enfants, adolescents et leurs parents<\/strong> <em>Centre Alternative<\/em><\/p>\n\n\n\n<p><strong>Hypnose et communication th\u00e9rapeutique<\/strong> <em>AREPTA<\/em><\/p>\n<\/div>\n\n\n\n<div class=\"wp-block-column is-vertically-aligned-top is-layout-flow wp-block-column-is-layout-flow\">\n<h3 class=\"has-vivid-cyan-blue-color has-text-color wp-block-heading\">Mooc et formations en ligne <\/h3>\n\n\n\n<p>Troubles du spectre de l&#8217;autisme : interventions <em>Universit\u00e9 de Gen\u00e8ve<\/em> (20h)<\/p>\n\n\n\n<p>Troubles du spectre de l&#8217;autisme: Biologie et neuroscience <em>Universit\u00e9 de Gen\u00e8ve <\/em>(20h)<\/p>\n\n\n\n<p>Accueil des personnes intersexes <em>Collectif Intersexe et alli\u00e9.e.s<\/em> (2h)<\/p>\n\n\n\n<p>Conduites suicidaires : identifier et pr\u00e9venir<em> Universit\u00e9 de Montpellier<\/em> (7h)<\/p>\n\n\n\n<p>Accompagner les personnes trans et non-binaires en psychoth\u00e9rapie <em>ASADIS<\/em> (2h)<\/p>\n\n\n\n<p>Genre: quels enjeux? Violence, Globalisation, Biom\u00e9decine et sexualit\u00e9s  <em>Universit\u00e9 de Gen\u00e8ve<\/em> (20h)<\/p>\n\n\n\n<p>Formation \u00e0 l&#8217;analyse du WISC 5  <em>ASADIS<\/em><\/p>\n\n\n\n<p>Le point sur le TDAH: comprendre, soutenir et accompagner les jeunes &#8211; <em>Universit\u00e9 de Laval, Canada<\/em> (25h)<\/p>\n\n\n\n<p>\u00c9tudiants dyslexiques \u00e0 l&#8217;universit\u00e9 : comprendre et aider  <em>ENS de Lyon<\/em> (15h)<\/p>\n<\/div>\n\n\n\n<div class=\"wp-block-column is-vertically-aligned-top is-layout-flow wp-block-column-is-layout-flow\">\n<h3 class=\"has-vivid-cyan-blue-color has-text-color wp-block-heading\">Conf\u00e9rences suivies<\/h3>\n\n\n\n<p>Comment se faire ob\u00e9ir sans crier ni punir  <em>Claire Davisseau et Elodie Le Marec<\/em><\/p>\n\n\n\n<p>Les repr\u00e9sentations LGBT+ en litt\u00e9rature jeunesse <em>Cord\u00e9lia<\/em><\/p>\n\n\n\n<p>La question de la mort chez les enfants <em>Antonella Verdiani<\/em><\/p>\n\n\n\n<p>Enfants hypersensibles : un pr\u00e9sent pour l&#8217;avenir Jea<em>nne Siaud Facchin<\/em><\/p>\n\n\n\n<p>Parentalit\u00e9 positive <em>Isabelle Fillozat<\/em><\/p>\n<\/div>\n<\/div>\n\n\n\n<div style=\"height:100px\" aria-hidden=\"true\" class=\"wp-block-spacer\"><\/div>\n","protected":false},"excerpt":{"rendered":"<p>J&#8217;ai suivi mon parcours universitaire au sein de l&#8217;Universit\u00e9 de Nantes durant 5 ans. Je me suis orient\u00e9e dans les deux derni\u00e8res ann\u00e9es d&#8217;\u00e9tude vers un Master en psychologie de l&#8217;enfant et de l&#8217;adolescent, en me tournant vers les \u00e9valuations cognitives et neuropsychologiques. Apr\u00e8s avoir obtenu mon dipl\u00f4me, j&#8217;ai pu exercer plusieurs ann\u00e9es en mission &hellip; <\/p>\n","protected":false},"author":1,"featured_media":0,"parent":0,"menu_order":0,"comment_status":"closed","ping_status":"closed","template":"","meta":{"footnotes":""},"class_list":["post-5","page","type-page","status-publish","hentry"],"_links":{"self":[{"href":"https:\/\/psychologueorvault.fr\/index.php?rest_route=\/wp\/v2\/pages\/5","targetHints":{"allow":["GET"]}}],"collection":[{"href":"https:\/\/psychologueorvault.fr\/index.php?rest_route=\/wp\/v2\/pages"}],"about":[{"href":"https:\/\/psychologueorvault.fr\/index.php?rest_route=\/wp\/v2\/types\/page"}],"author":[{"embeddable":true,"href":"https:\/\/psychologueorvault.fr\/index.php?rest_route=\/wp\/v2\/users\/1"}],"replies":[{"embeddable":true,"href":"https:\/\/psychologueorvault.fr\/index.php?rest_route=%2Fwp%2Fv2%2Fcomments&post=5"}],"version-history":[{"count":12,"href":"https:\/\/psychologueorvault.fr\/index.php?rest_route=\/wp\/v2\/pages\/5\/revisions"}],"predecessor-version":[{"id":211,"href":"https:\/\/psychologueorvault.fr\/index.php?rest_route=\/wp\/v2\/pages\/5\/revisions\/211"}],"wp:attachment":[{"href":"https:\/\/psychologueorvault.fr\/index.php?rest_route=%2Fwp%2Fv2%2Fmedia&parent=5"}],"curies":[{"name":"wp","href":"https:\/\/api.w.org\/{rel}","templated":true}]}}