{"id":204,"date":"2022-04-28T15:28:37","date_gmt":"2022-04-28T13:28:37","guid":{"rendered":"https:\/\/psychologueorvault.fr\/?page_id=204"},"modified":"2022-08-31T15:22:45","modified_gmt":"2022-08-31T13:22:45","slug":"prendre-rendez-vous","status":"publish","type":"page","link":"https:\/\/psychologueorvault.fr\/?page_id=204","title":{"rendered":"Prendre rendez-vous"},"content":{"rendered":"\n<p>Vous pouvez prendre rendez-vous directement en ligne sur docorga : <a rel=\"noreferrer noopener\" href=\"https:\/\/docorga.com\/praticien\/5ea3e2c961ee0ab04252262c\" target=\"_blank\">https:\/\/docorga.com\/praticien\/5ea3e2c961ee0ab04252262c<\/a><\/p>\n\n\n\n<p><\/p>\n\n\n\n<p>Je suis \u00e9galement disponible par t\u00e9l\u00e9phone au 06.68.06.72.43 de 9h \u00e0 18h. <\/p>\n\n\n\n<p><\/p>\n\n\n\n<p>Vous pouvez \u00e9galement formuler une demande de rendez-vous par mail \u00e0 : <a href=\"mailto:mloarec@gmail.com\">mloarec@gmail.com<\/a><\/p>\n","protected":false},"excerpt":{"rendered":"<p>Vous pouvez prendre rendez-vous directement en ligne sur docorga : https:\/\/docorga.com\/praticien\/5ea3e2c961ee0ab04252262c Je suis \u00e9galement disponible par t\u00e9l\u00e9phone au 06.68.06.72.43 de 9h \u00e0 18h. Vous pouvez \u00e9galement formuler une demande de rendez-vous par mail \u00e0 : mloarec@gmail.com<\/p>\n","protected":false},"author":1,"featured_media":0,"parent":0,"menu_order":0,"comment_status":"closed","ping_status":"closed","template":"","meta":{"footnotes":""},"class_list":["post-204","page","type-page","status-publish","hentry"],"_links":{"self":[{"href":"https:\/\/psychologueorvault.fr\/index.php?rest_route=\/wp\/v2\/pages\/204","targetHints":{"allow":["GET"]}}],"collection":[{"href":"https:\/\/psychologueorvault.fr\/index.php?rest_route=\/wp\/v2\/pages"}],"about":[{"href":"https:\/\/psychologueorvault.fr\/index.php?rest_route=\/wp\/v2\/types\/page"}],"author":[{"embeddable":true,"href":"https:\/\/psychologueorvault.fr\/index.php?rest_route=\/wp\/v2\/users\/1"}],"replies":[{"embeddable":true,"href":"https:\/\/psychologueorvault.fr\/index.php?rest_route=%2Fwp%2Fv2%2Fcomments&post=204"}],"version-history":[{"count":2,"href":"https:\/\/psychologueorvault.fr\/index.php?rest_route=\/wp\/v2\/pages\/204\/revisions"}],"predecessor-version":[{"id":214,"href":"https:\/\/psychologueorvault.fr\/index.php?rest_route=\/wp\/v2\/pages\/204\/revisions\/214"}],"wp:attachment":[{"href":"https:\/\/psychologueorvault.fr\/index.php?rest_route=%2Fwp%2Fv2%2Fmedia&parent=204"}],"curies":[{"name":"wp","href":"https:\/\/api.w.org\/{rel}","templated":true}]}}